Is r prime?
True
Let p = 104692 + -36093. Is p prime?
False
Suppose -4*c + c - 162 = 0. Let k be -1*7*(c/(-7) - 6). Is (-6)/(-4)*((-680)/k + 4) a composite number?
True
Let c(s) = -33*s**2 + 8*s + 1. Let b be c(4). Let u = b + 699. Suppose -x - 173 = -5*j + 82, 4*j + 4*x = u. Is j composite?
True
Suppose 0 = -2*h - 14 + 12. Let c be 1/(-2)*(-6 - 0). Is (206/(-6))/(h/c) composite?
False
Suppose 4*j - 4377436 = 1182224. Is j/126 - 3/42 prime?
False
Let g = -209 + 209. Suppose g = -346*u + 341*u + 13715. Is u a prime number?
False
Let j(q) = 50*q - 643. Let h be j(13). Let y(f) = -f**3 - 11*f**2 + 8. Let c(u) = u**3 + u**2 + u + 1. Let g(b) = 3*c(b) + y(b). Is g(h) composite?
True
Suppose -52*x = -51*x - 7322. Suppose 4*g - x = 2*r - 4*r, 4*r + 2*g = 14674. Is r a composite number?
False
Suppose -3*c + 0*c = 5*i - 366, -369 = -5*i - 2*c. Let o = 103 - i. Is 0 - 2*(-7)/(o/102) composite?
True
Is 2/37 - (-210682901)/4477 composite?
False
Suppose -2 = 4*s - 2*l, -6*l - 15 = -9*l. Is (-4 - 1 - s)*-2298 - -1 a prime number?
True
Let u(x) = 2*x**3 + 30*x**2 + 15*x - 34. Let h be u(-14). Let p be (-568)/6 - 2/6. Let b = h + p. Is b composite?
False
Let n be (-213)/((15/75)/((-2)/(-10))). Let s = -962 + 2272. Let f = s - n. Is f prime?
True
Suppose -107*j - 2785 = -o - 103*j, 4*j - 13781 = -5*o. Is o a composite number?
True
Suppose 3*c - 3*r - 2*r = 26, -2*r - 12 = -2*c. Suppose -3874 = -3*n + u + 662, 0 = c*n + 4*u - 3038. Is n prime?
False
Let g(f) = f**2 - 2*f + 158. Let i be g(0). Let a = 2519 - i. Is a composite?
True
Suppose 19 = -7*a + 54. Suppose a*y - 23623 = -4*k, -4*k + 3 = 15. Is y a prime number?
False
Suppose -4*o - 3*b - 11 = 0, -o = -0*o - 4*b - 2. Is 12194 - ((-3)/5)/(o/(-10)) composite?
False
Let d(l) be the first derivative of l**3/3 + 6*l**2 + 6*l + 10. Let p be d(-9). Let c = 44 + p. Is c a composite number?
False
Let j be (-16)/56 + -1 + (-69)/(-21). Is (19/38)/(j/10084) composite?
False
Suppose -3*t - 4*s = -11, -10 - 9 = -3*t + 4*s. Let w(o) = 12*o**3 - 2*o**2 - 12. Is w(t) composite?
True
Let p = -1137655 - -1959542. Is p a prime number?
False
Let t = -51 + 55. Suppose 3*y - 12607 = -2*x, x = t*y - 15967 - 835. Is y a prime number?
True
Let p(j) = 293*j**2 - 20*j + 3. Suppose 2*w - 1 = -3*h - 4, -5*w + h - 33 = 0. Is p(w) a prime number?
False
Suppose 19*o = 20*o + 406. Let k = o - -489. Is k a prime number?
True
Let h(n) = -n**3 + 3*n**2 + 12*n - 13. Let t be h(-11). Suppose 2*q = -t + 12225. Suppose -2*w + 1333 = i, -w + 6*w = -4*i + q. Is i a prime number?
False
Let h = -574 - -576. Suppose -3*k = h*m - 2743, 0*k - 5*k = m - 1368. Is m prime?
True
Let y = -183003 + 473794. Is y a prime number?
True
Suppose 9*b - 682278 = 7*b + 8*m, m = -b + 341179. Is b prime?
True
Let u be 0/(-1 + -4 + 4). Is -3 + 794 + 8 - u/(-2) composite?
True
Suppose -2695*m + 2680*m + 529995 = 0. Is m prime?
False
Let b = 394172 - 14083. Is b prime?
False
Suppose 0 = -5*d - 119 - 56. Let g be d/(-28)*4*2 - 3. Suppose -g*v - 2*v = -1899. Is v prime?
True
Let j(i) = 14*i + 129. Let k be j(-14). Suppose 55 = -3*z - 2*z. Is (z - (4 - 8))*k composite?
True
Let f(x) be the third derivative of 11*x**5/60 - 19*x**4/24 - 119*x**3/6 + 75*x**2. Is f(-22) composite?
False
Let b(q) = 2562*q - 1997. Is b(15) a prime number?
True
Let v = -144 - -120. Let k be (1*v)/(-3) + -3. Suppose 3*a = -4*u + 3453, k*a = -8*u + 3*u + 5755. Is a prime?
True
Let h(d) = 2*d**2 - 3*d + 3. Let b(p) = -p**2 + 3*p - 3. Let f(k) = -3*b(k) - 2*h(k). Let c be f(-3). Suppose -20 = -4*y, q + c*y - y - 495 = 0. Is q composite?
True
Let x(z) = -38 + 65 + 130 + 45 + 39 + 2222*z. Is x(5) a composite number?
False
Let p = -5 - -9. Let j be (6/(-84)*8)/(6/(-63)) - 6. Suppose j = 2*s - 8, -p*a - 4*s = -0*s - 2412. Is a prime?
True
Suppose -44*l = -47*l + 3534. Let c = 2397 - l. Is c prime?
False
Is (-8)/448*8 + 1220654/7 a prime number?
False
Let v(i) = -5*i - 37. Let c be v(-8). Suppose g - 3*s - 19 = -4*g, -s - 13 = -c*g. Suppose -4*d = -3*d - 2, g*d + 377 = 3*l. Is l composite?
True
Is -1*2*(-4)/(80/731330) a composite number?
False
Is 8/((-3456)/(-582111760)) - (2 + (-56)/27) prime?
True
Let z(t) = -5 - 4 - 27*t - 26 - 98*t. Let m = -269 + 257. Is z(m) a composite number?
True
Suppose -52 + 154 = 4*m - 2*p, 0 = -5*m - 3*p + 100. Let q = m + 0. Let a(n) = n**2 - 12*n - 42. Is a(q) a prime number?
True
Suppose -8*s = 74 - 234. Suppose 8*k - 12*k + s = 0. Suppose 0 = 4*j + j + 5*u - 3755, -k*j + 3*u = -3755. Is j a composite number?
False
Let w(t) = 100801*t + 279. Is w(2) prime?
True
Suppose 8*r - 4*r - 24 = 0. Let i be -33595*3/5*r/(-9). Suppose -2*t + t = 5*n - 16797, 4*n - i = -t. Is n a prime number?
True
Let o(l) = -7*l**3 + 3*l**2 + 5*l - 8. Let u = -36 + 34. Let t be u/(-6) - 192/36. Is o(t) prime?
False
Suppose -46 = 109*u - 111*u. Suppose -2634 = -u*j + 17*j. Is j a composite number?
False
Let j(g) = -16*g**2 + 21*g - 24. Let h(b) = -3*b**2 + 4*b - 5. Let z(q) = -11*h(q) + 2*j(q). Let w be z(3). Is (8766/15)/(-4 - (-44)/w) composite?
True
Suppose -129047 = -14*c - 3*c. Suppose -7*v + c = -12898. Is v a prime number?
True
Let n(z) = -2*z - 84 - 7*z**2 - z**3 - 84 + 167. Is n(-10) composite?
True
Let n(c) = 4*c**3 - c**2 - c - 2. Let t be n(2). Suppose -35*p + 32*p = -t. Suppose -2*y - 5*o = -1043, -p*y + 2044 = -4*y - 4*o. Is y a composite number?
True
Let s(v) = -397*v - 14. Let d be 16/10*120/(-48). Let p be s(d). Suppose -14*n + p = -12*n. Is n composite?
False
Suppose -19*c - 1177 = -9632. Suppose -c - 5512 = -7*b. Is b a prime number?
False
Let x(s) be the second derivative of s**6/30 + 19*s**5/120 - s**4/6 + 7*s. Let j(i) be the third derivative of x(i). Is j(8) prime?
True
Let w be (4/(-5))/((12/30)/2). Let o be (w + 1)/1 + (-636 - 1). Let n = o + 1059. Is n a composite number?
False
Suppose -2*j - 46660 = 5*u, -2*u - 5*j - 18664 = -2*j. Let d = -3529 - u. Is d a composite number?
True
Let b be (-142048)/104 - 4/26. Is (b/(-3))/((-56)/(-84)) prime?
True
Suppose 5195 = -5*q - 2*x - 2380, -4*q - 3*x - 6060 = 0. Let l = q + 5094. Is l composite?
True
Is (284630/3)/(396/(-54) - -8) prime?
False
Is -133850*(-6)/6 - (1 - 4) a prime number?
True
Let d = -204 - 227. Is (46/4*d)/((-28)/56) a composite number?
True
Let n be 1 - -1098 - (-4 - (-10 + 5)). Suppose 0*v + n = -v. Is 6/45*-5*v/4 a composite number?
True
Suppose -3*k + 4*x = -0*k + 6, 3 = x. Suppose 16 = 3*m - 2*f, -3*m = -3*f + 4*f - 1. Suppose -k*j - j + 435 = -4*z, -m*j = 4*z - 310. Is j a prime number?
True
Let v(j) = -82*j**3 + 6*j**2 + 5*j + 24. Let y be v(-5). Let c = -2532 + y. Is c a prime number?
True
Let q = -60949 - -122537. Suppose 4*k - q = 15136. Is k composite?
False
Suppose 0 = -4*k - r + 5642, -3*k + 0*r - 2*r + 4229 = 0. Suppose 0 = -z - o + 1411, -17*z + 16*z + 5*o = -k. Is z prime?
False
Let o = 118515 + 17336. Is o a composite number?
False
Let u(t) be the third derivative of -2047*t**4/12 - 41*t**3/6 - 5*t**2 + 17. Is u(-2) a prime number?
True
Suppose 0 = 20*b - 1613036 - 1425704. Is b a composite number?
False
Let c be 29 + (-17 - -11)/((-3)/(-2)). Suppose 8604 = c*x - 68721. Is x prime?
False
Let j = 27132 - 16346. Let s = -2045 + j. Is s a prime number?
True
Let h = 59483 - 19602. Suppose -18*g = g - h. Is g a prime number?
True
Suppose 2745 = 3*q + 4*h - h, 3*h - 15 = 0. Suppose 1499 + q = 3*n. Is n a composite number?
True
Let c(i) = i**3 + 4*i**2 - 128*i - 977. Is c(82) prime?
True
Suppose 3*h = -4*s + 28, -4*h = -10*s + 7*s + 21. Is s - 9/(18/(-66992)) a prime number?
True
Let v(u) = 11 - 21 - 5532*u - 553*u + 18. Is v(-3) composite?
True
Suppose -836396 + 215668 = -8*d. Is d a prime number?
True
Suppose 17*q - 21*q = -2*v - 351280, -263427 = -3*q - 4*v. Is q composite?
True
Is 108/(-9) - (-151882 + -1) a prime number?
True
Is ((-6)/(-10) - (-8211438)/70) + (-17)/(-119) a composite number?
False
Let l be (-1885)/(-3) - 12/(-45)*-5. Suppose -3*d + 3792 = -5*f, -617 = -d - 5*f + l. Is d a composite number?
False
Suppose -219*c - 212*c + 420*c = -13409. Is c composite?
True
Let w be 5*(-6)/((-30)/25). Let d = w - 22. Suppose d*v = 26 + 7. Is v a prime number?
True
Suppose -1537604 - 1245076 = 51*q - 75*q. Is q composite?
True
Let a = 18227 + -3288. Is a prime?
True
Let p = 463748 - -5505. Is p prime?